
Is 1860 a multiple of 10?
True
Does 14 divide 467?
False
Is 6 a factor of 60?
True
Does 13 divide 1183?
True
Is 72 a factor of 2736?
True
Is 8 a factor of 19240?
True
Is 11 a factor of 99?
True
Does 5 divide 188?
False
Is 1736 a multiple of 28?
True
Does 11 divide 110?
True
Is 2277 a multiple of 9?
True
Does 11 divide 2360?
False
Is 2 a factor of 11006?
True
Is 3390 a multiple of 12?
False
Is 13 a factor of 1008?
False
Is 49640 a multiple of 216?
False
Is 4579 a multiple of 68?
False
Is 41 a factor of 38704?
True
Is 1845 a multiple of 41?
True
Is 42 a factor of 553?
False
Does 11 divide 7722?
True
Does 17 divide 65509?
False
Is 36 a factor of 216?
True
Is 77 a factor of 1550?
False
Does 29 divide 621?
False
Does 12 divide 36?
True
Is 9934 a multiple of 47?
False
Is 5569 even?
False
Does 9 divide 1409?
False
Does 9 divide 438?
False
Does 9 divide 1728?
True
Does 55 divide 7648?
False
Is 389 a multiple of 43?
False
Does 5 divide 147?
False
Is 164 a factor of 29192?
True
Does 24 divide 1872?
True
Does 27 divide 270?
True
Is 41 a factor of 12142?
False
Does 48 divide 288?
True
Is 1522 a multiple of 3?
False
Does 5 divide 1957?
False
Does 12 divide 1932?
True
Does 18 divide 6516?
True
Is 705 a multiple of 5?
True
Is 2232 a multiple of 13?
False
Is 63897 a multiple of 98?
False
Does 5 divide 210?
True
Is 1895 a multiple of 140?
False
Does 28 divide 84?
True
Is 6 a factor of 43938?
True
Is 3168 a multiple of 12?
True
Is 50452 a multiple of 19?
False
Does 203 divide 9947?
True
Is 3535 a multiple of 35?
True
Does 10 divide 780?
True
Is 2548 a multiple of 14?
True
Does 3 divide 5658?
True
Does 36 divide 3564?
True
Does 19 divide 1360?
False
Is 44 a factor of 704?
True
Is 36 a factor of 1047?
False
Is 1206 a multiple of 67?
True
Does 69 divide 4140?
True
Is 54 a factor of 1350?
True
Is 5 a factor of 338?
False
Does 21 divide 356?
False
Does 4 divide 2047?
False
Is 200 a multiple of 44?
False
Is 6 a multiple of 3?
True
Is 3978 a multiple of 102?
True
Is 3858 a multiple of 44?
False
Is 13129 a multiple of 55?
False
Is 15 a factor of 529?
False
Does 29 divide 21711?
False
Is 3315 a multiple of 25?
False
Is 28 a factor of 157?
False
Is 57 a factor of 53122?
False
Does 120 divide 1800?
True
Does 22 divide 46728?
True
Is 2 a factor of 1345?
False
Does 39 divide 858?
True
Is 4 a factor of 276?
True
Is 55 a factor of 506?
False
Does 6 divide 702?
True
Is 2639 a multiple of 29?
True
Is 23490 a multiple of 29?
True
Is 374 a multiple of 11?
True
Is 147903 a multiple of 21?
True
Does 15 divide 5145?
True
Does 56 divide 4480?
True
Is 240 a multiple of 15?
True
Is 28994 a multiple of 266?
True
Is 3300 a multiple of 15?
True
Is 19494 a multiple of 27?
True
Is 3 a factor of 10975?
False
Is 1305 a multiple of 9?
True
Is 30 a factor of 24810?
True
Is 72 a factor of 1152?
True
Is 12054 a multiple of 98?
True
Does 8 divide 144?
True
Is 8600 a multiple of 9?
False
Is 233 a factor of 14213?
True
Is 2344 a multiple of 10?
False
Does 121 divide 5250?
False
Is 204 a factor of 4488?
True
Is 1520 a multiple of 40?
True
Is 53 a factor of 2087?
False
Does 32 divide 384?
True
Is 80 a factor of 980?
False
Does 26 divide 156?
True
Does 3 divide 323?
False
Is 28 a factor of 1932?
True
Is 68 a factor of 1571?
False
Is 6 a factor of 76?
False
Is 11156 a multiple of 72?
False
Is 29 a factor of 4292?
True
Is 68 a factor of 47849?
False
Is 15 a factor of 1410?
True
Is 26 a factor of 676?
True
Is 203 a multiple of 2?
False
Is 89792 a multiple of 8?
True
Does 4 divide 252?
True
Is 144 a multiple of 3?
True
Does 122 divide 23005?
False
Is 67 a factor of 3752?
True
Does 101 divide 123220?
True
Does 109 divide 940?
False
Is 13869 a multiple of 84?
False
Is 45 a factor of 718?
False
Is 19 a factor of 2380?
False
Does 23 divide 4485?
True
Is 15 a factor of 433?
False
Is 2810 a multiple of 13?
False
Is 20025 a multiple of 89?
True
Is 8 a factor of 1416?
True
Is 28 a factor of 4052?
False
Is 53719 a multiple of 31?
False
Is 1836 a multiple of 2?
True
Is 4 a factor of 755?
False
Does 102 divide 26724?
True
Is 85 a factor of 17069?
False
Is 26134 a multiple of 3?
False
Does 43 divide 6321?
True
Is 22 a factor of 60?
False
Is 42 a factor of 627?
False
Does 49 divide 999?
False
Is 1260 a multiple of 18?
True
Is 7056 a multiple of 56?
True
Does 10 divide 6720?
True
Does 4 divide 185?
False
Does 57 divide 3249?
True
Is 2249 a multiple of 13?
True
Does 28 divide 3938?
False
Is 20 a factor of 220?
True
Does 55 divide 2975?
False
Does 93 divide 1035?
False
Does 91 divide 261?
False
Is 10814 a multiple of 18?
False
Is 70 a factor of 7490?
True
Is 2 a factor of 13882?
True
Is 46 a factor of 156?
False
Is 18 a factor of 2131?
False
Is 83 a factor of 38014?
True
Is 2302 a multiple of 9?
False
Is 960 a multiple of 15?
True
Does 4 divide 27?
False
Is 9435 a multiple of 185?
True
Is 7200 a multiple of 19?
False
Does 11 divide 641?
False
Is 2 a factor of 343?
False
Is 1078 a multiple of 11?
True
Is 19 a factor of 9823?
True
Is 20 a factor of 1035?
False
Does 42 divide 4536?
True
Does 50 divide 7500?
True
Does 15 divide 1432?
False
Is 51 a factor of 36108?
True
Is 23 a factor of 122544?
True
Is 3195 a multiple of 9?
True
Is 2 a factor of 313?
False
Is 27 a factor of 81?
True
Does 40 divide 760?
True
Does 39 divide 21567?
True
Is 71 a factor of 9911?
False
Does 6 divide 162?
True
Is 65 a factor of 1766?
False
Is 66679 a multiple of 147?
False
Is 5860 a multiple of 10?
True
Is 22 a factor of 678?
False
Is 128 a multiple of 2?
True
Is 7 a factor of 8869?
True
Does 27 divide 405?
True
Is 1131 a multiple of 87?
True
Is 915 a multiple of 12?
False
Does 79 divide 237?
True
Does 17 divide 558?
False
Does 22 divide 11660?
True
Is 1009 a multiple of 14?
False
Is 4620 a multiple of 55?
True
Does 3 divide 724?
False
Is 1180 a multiple of 118?
True
Does 5 divide 15530?
True
Is 25 a factor of 225?
True
Does 9 divide 24127?
False
Is 5447 a multiple of 14?
False
Is 888 a multiple of 37?
True
Does 12 divide 1030?
False
Is 60 a factor of 73440?
True
Is 3 a factor of 2375?
False
Does 20 divide 676?
False
Does 2 divide 102?
True
Does 64 divide 1401?
False
Is 16 a factor of 35040?
True
Does 3 divide 63?
True
Is 10 a factor of 2540?
True
Is 233 a factor of 101171?
False
Does 27 divide 27?
True
Does 31 divide 1612?
True
Is 7855 a multiple of 2?
False
Does 54 divide 456?
False
Is 2442 a multiple of 48?
False
Is 12884 a multiple of 21?
False
Does 16 divide 38491?
False
Does 15 divide 113325?
True
Is 16 a factor of 737?
False
Is 416 a multiple of 26?
True
Is 18 a factor of 9018?
True
Is 3 a factor of 5?
False
Does 2 divide 13282?
True
Is 22 a factor of 4860?
False
Is 13934 a multiple of 87?
False
Is 2 a factor of 15762?
True
Is 16 a factor of 932?
False
Is 20132 a multiple of 28?
True
Does 4 divide 731?
False
Does 32 divide 326?
False
Does 33 divide 2251?
False
Is 130 a factor of 10530?
True
Is 183 a multiple of 9?
False
Does 55 divide 2200?
True
Does 22 divide 1464?
False
Is 47733 a multiple of 21?
True
Is 204 a factor of 8568?
True
Is 7 a factor of 5227?
False
Is 91 a multiple of 37?
False
Is 17868 a multiple of 10?
False
Is 41 a factor of 971?
False
Does 7 divide 1428?
True
Is 12 a factor of 348?
True
Does 4 divide 1168?
True
Does 5 divide 3460?
True
Is 14588 a multiple of 59?
False
Is 21 a factor of 5628?
True
Is 61 a factor of 18605?
True
Is 15 a factor of 40983?
False
Is 22920 a multiple of 279?
False
Is 603 a multiple of 67?
True
Does 13 divide 215?
False
Does 20 divide 180?
True
Is 62 a factor of 62715?
False
Is 25385 a multiple of 21?
False
Does 6 divide 31?
False
Is 6677 a multiple of 25?
False
Is 3198 a multiple of 41?
True
Does 19 divide 1748?
True
Does 151 divide 151?
True
Is 12 a factor of 2532?
True
Is 1221 a multiple of 6?
False
Does 24 divide 4880?
False
Is 763 a multiple of 29?
False
Is 39 a factor of 156?
True
Is 364 a multiple of 52?
True
Is 6996 a multiple of 33?
True
Is 19 a factor of 3160?
False
Is 23 a factor of 239?
False
Is 16 a factor of 1055?
False
Does 74 divide 3472?
False
Is 2184 a multiple of 39?
True
Does 224 divide 107072?
True
Is 820 a multiple of 20?
True
Is 20834 a multiple of 11?
True
Is 1428 a multiple of 5?
False
Is 79103 a multiple of 59?
False
Is 9 a factor of 1044?
True
Is 2881 a multiple of 18?